{"id":377,"date":"2015-05-06T10:34:40","date_gmt":"2015-05-06T10:34:40","guid":{"rendered":"http:\/\/www.osens.pizza\/wordpress\/?page_id=377"},"modified":"2020-09-28T16:53:33","modified_gmt":"2020-09-28T16:53:33","slug":"accueil","status":"publish","type":"page","link":"http:\/\/www.osens.pizza\/wordpress\/accueil\/","title":{"rendered":"Livraison \u00e0 Domicile Marrakech O Sens"},"content":{"rendered":"<h4 style=\"text-align: justify;\"><em><span style=\"text-decoration: underline;\">\u00d4\u00a0Sens \u00a0pour la livraison \u00e0 domicile Marrakech :<\/span><\/em><\/h4>\n<p style=\"text-align: justify;\"><strong>Notre restaurant \u00d4 Sens pour la livraison de repas \u00e0 domicile \u00e0 Marrakech est la r\u00e9ponse appropri\u00e9e pour d\u00e9guster de bons petits plats tout en restant chez vous ou \u00e0 votre bureau.<\/strong> \u00d4 Sens vous propose une carte vari\u00e9e proposant un large choix de Pizzas et de Sandwichs mais aussi une grande vari\u00e9t\u00e9 de sp\u00e9cialit\u00e9s marocaines : Briouates, Pastilla, \u00a0couscous et tajines marocains. Nos cuisiniers travaillent avec les m\u00eames recettes depuis maintenant 10 ans.<\/p>\n<p style=\"text-align: justify;\">Nous livrons tous les jours 7 \/ 7 de midi \u00e0 23h00 du soir sur tout Marrakech<\/p>\n<p style=\"text-align: justify;\">Nos Plats sont pr\u00e9par\u00e9s de fa\u00e7on traditionnelle et cuisin\u00e9s \u00e0 l&rsquo;ancienne avec des produits frais de qualit\u00e9 et de saison. Tous nos\u00a0plats sont \u00ab\u00a0faits maison\u00a0\u00bb<\/p>\n\n\n<p><\/p>\n","protected":false},"excerpt":{"rendered":"<p>\u00d4\u00a0Sens \u00a0pour la livraison \u00e0 domicile Marrakech : Notre restaurant \u00d4 Sens pour la livraison de repas \u00e0 domicile \u00e0 Marrakech est la r\u00e9ponse appropri\u00e9e pour d\u00e9guster de bons petits plats tout en restant chez vous ou \u00e0 votre bureau. [&hellip;]<\/p>\n","protected":false},"author":1,"featured_media":0,"parent":0,"menu_order":0,"comment_status":"closed","ping_status":"open","template":"","meta":[],"_links":{"self":[{"href":"http:\/\/www.osens.pizza\/wordpress\/wp-json\/wp\/v2\/pages\/377"}],"collection":[{"href":"http:\/\/www.osens.pizza\/wordpress\/wp-json\/wp\/v2\/pages"}],"about":[{"href":"http:\/\/www.osens.pizza\/wordpress\/wp-json\/wp\/v2\/types\/page"}],"author":[{"embeddable":true,"href":"http:\/\/www.osens.pizza\/wordpress\/wp-json\/wp\/v2\/users\/1"}],"replies":[{"embeddable":true,"href":"http:\/\/www.osens.pizza\/wordpress\/wp-json\/wp\/v2\/comments?post=377"}],"version-history":[{"count":29,"href":"http:\/\/www.osens.pizza\/wordpress\/wp-json\/wp\/v2\/pages\/377\/revisions"}],"predecessor-version":[{"id":647,"href":"http:\/\/www.osens.pizza\/wordpress\/wp-json\/wp\/v2\/pages\/377\/revisions\/647"}],"wp:attachment":[{"href":"http:\/\/www.osens.pizza\/wordpress\/wp-json\/wp\/v2\/media?parent=377"}],"curies":[{"name":"wp","href":"https:\/\/api.w.org\/{rel}","templated":true}]}}